t l be 1/(-1) - -3 - 2. Suppose 0 = -4*z + 12, w + w - 4*z - c = l. What is the units digit of w?
4
Let m = -31 - -32. What is the units digit of m?
1
Let p be 15/6*(-24)/(-15). Suppose -8*m = -p*m. Suppose m = -2*a - a + 9. What is the units digit of a?
3
Let f be ((-12)/10)/(2/(-5)). Suppose f*t = t. Suppose -2*w - 20 = -4*x, t*x - 4*x - w + 20 = 0. What is the units digit of x?
5
Let x(h) = -h**3 + 5*h**2 + 5*h + 6. Let c be x(6). Let d = 3 - -6. Let j = c + d. What is the units digit of j?
9
What is the hundreds digit of (518/(-4))/((-4)/8)?
2
Let m be (9/5)/(6/20). Let s be ((-6)/4)/((-3)/m). Suppose -u + s = -3*u + p, 0 = 5*u + p - 10. What is the units digit of u?
1
What is the tens digit of (-4)/(-18) - (-2568)/108?
2
What is the units digit of (-1 - (-608)/44) + 6/33?
3
Suppose -5*g + 1025 = 4*y + y, 2*g - 413 = y. What is the hundreds digit of g?
2
What is the tens digit of (-39264)/(-160) + ((-8)/10)/2?
4
Suppose -16 = z - 4*k, -5*z + 5*k = 90 + 65. What is the units digit of (z/(-15))/((-3)/(-10))?
8
Let z(x) = 4*x + 1. Let l be z(2). Let q(i) = -i**3 + 4*i**2 - 3*i + 6. Let o be q(4). Let c = o + l. What is the units digit of c?
3
Let w(v) = -v + 4. Let q = -43 + 29. What is the tens digit of w(q)?
1
Let b(c) be the third derivative of c**6/120 - c**5/10 + 7*c**4/24 - c**3/2 + 3*c**2. What is the units digit of b(5)?
7
Suppose 16 = -4*t - 0*t. Let j(m) = m**2 + 2*m. Let u be j(t). Let a = u - 1. What is the units digit of a?
7
Suppose 0 = -2*n - 23 + 121. What is the tens digit of n?
4
Suppose -4 - 2 = -3*w. Suppose 0*g = -w*g. Suppose p = -g*p + 7. What is the units digit of p?
7
Let c = 22 - 4. What is the units digit of -4*2/(-4) + c?
0
Let b = -13 + 17. Suppose -b*w + 2*w = -68. What is the units digit of w?
4
Let m be (-1)/4 - (-63)/12. Suppose 10*x - m*x + 3*p = 74, p = -2. What is the units digit of (5/10)/(2/x)?
4
What is the tens digit of -7 + 4 - (1 - 34)?
3
Suppose 137 = 4*f - 23. Suppose 2*s = -2*d - f, 146 - 61 = -5*d - 2*s. What is the units digit of 3/(d/4)*-5?
4
Suppose 0 = -6*r + 5*r + 3*b + 34, 2*r = 5*b + 67. What is the tens digit of r?
3
Suppose -2*x + 15 = 3*f, x - 4*x + 9 = 0. Suppose f + 22 = o. What is the units digit of o?
5
Let q(p) = 22*p + 33. What is the units digit of q(7)?
7
Let x(p) = -6*p + 47. What is the units digit of x(3)?
9
Let x(f) = -f**3 + f - 2. Let z be x(0). What is the tens digit of 14/((12/(-15))/z)?
3
Suppose 5*c - 3 = -33. Let i = 7 + c. What is the units digit of i?
1
Let y(f) = 8*f**2 + 17*f - 3. What is the units digit of y(4)?
3
Let j(l) = 38*l - 69. What is the tens digit of j(5)?
2
Let v = 123 - 81. What is the tens digit of v?
4
Suppose -22*n + 25*n - 147 = 0. What is the units digit of n?
9
Let g = -328 + 487. What is the hundreds digit of g?
1
Suppose 5*j - 2 = -7. Let a = 3 + j. Suppose 3*n = a*n + 2. What is the units digit of n?
2
Suppose q - 21 = -1. Let a(b) = -b + 4. Let u be a(0). Suppose -2*h = 2*o - q, 0 + 12 = -u*h. What is the tens digit of o?
1
Suppose -3*p - 27 = -6*p. Let t(g) = -2*g**2 + 12*g + 2. Let l be t(p). What is the units digit of l/(-20) - (-4)/10?
3
Let o(f) = f - 3. Let l be (-27)/5 + 6/15. Let g be o(l). Let w(h) = -h**3 - 8*h**2 - 2*h - 10. What is the units digit of w(g)?
6
Let l(k) = 3*k**3 + 2*k**2 + 2*k + 1. Let i be l(-1). What is the units digit of (1 + 0)*(-52)/i?
6
Suppose -3*k + 867 = 3*s, 5*k + 4*s = 828 + 620. What is the tens digit of k?
9
Suppose 4*m = 57 + 83. Let c = -4 - m. Let z = -28 - c. What is the units digit of z?
1
Let r(w) = w**3 - 3*w**2 - 3*w - 3. Let c be r(4). Suppose -2*i - 41 = m, -i + c - 99 = 3*m. Let k = -9 - m. What is the tens digit of k?
2
What is the hundreds digit of 263 + 20/5*1?
2
Let d be (1*-1)/(3/(-12)). Let x be -9*(1 + d/(-3)). Suppose x*s - 21 = -5*j, 3*s + s + 1 = 3*j. What is the units digit of j?
3
Let o(d) = 9 + 3 - d**2 + d + d**3 + 0*d. Let m be o(0). Suppose -j = -4*r + 19 + 18, -4*j = -m. What is the units digit of r?
0
Let g(s) = 8*s**2 - s - 1. Let p be g(-1). Suppose p*x = 3*x. Let a = x + 8. What is the units digit of a?
8
Let j(y) = y + 9. Let h(p) = 1. Let a(d) = 3*h(d) - j(d). What is the units digit of a(-7)?
1
Let g(i) = -i**3 + 12*i**2 - 12*i + 20. What is the units digit of g(11)?
9
Suppose 2*f - 39 = -f. Suppose -w + f = 3*o, 5*w - 3*w = -o + 6. What is the tens digit of -15*-2*w/2?
1
Suppose 0*v + v = 0. Suppose a - 16 = -2*f + 3*a, v = -3*f - a + 20. What is the units digit of f?
7
Suppose -5*n + 175 = -20. What is the units digit of n?
9
Suppose -7*y - 4*q = -3*y - 196, 2*q - 198 = -4*y. Suppose -66 - y = -4*o. What is the tens digit of o?
2
Let g be (-1)/(((-4)/26)/2). Let r = g - 8. What is the units digit of r?
5
Suppose 15*q - 61 = 14*q. What is the units digit of q?
1
Let p = -59 - -143. What is the units digit of p?
4
Let y(o) = -9*o + 5. Let s be y(-6). Suppose 2*a + 3*n - 10 = 0, 0*n + n + s = 5*a. What is the tens digit of a?
1
Suppose 22 = 5*i + 12. Suppose -3*u + i*d = 5*d - 60, 3*u - 3*d - 42 = 0. What is the units digit of u?
7
Suppose 5*x + 144 = 4*g - 36, -90 = -2*g + 4*x. Suppose -3*l + g = 3*f, -19 + 3 = -f - 2*l. What is the units digit of f?
4
What is the units digit of 0 - -1 - (0 - (6 + 0))?
7
What is the tens digit of -24*((-12)/(-9))/(-2)?
1
Let s = -48 - -18. Let h be s/(-4) + (-3)/6. Suppose -h = -4*o + 1. What is the units digit of o?
2
What is the tens digit of (-6)/(-6) + 14*1?
1
Let b(z) = -2*z - 12. Let f be b(-8). Let s = f + -1. What is the units digit of s?
3
Let r(z) be the first derivative of z**2/2 - z + 3. Let j be r(5). Suppose 0 = -3*w + j*q + 19 + 31, q + 58 = 4*w. What is the tens digit of w?
1
Suppose 0 = 3*u + y + 3*y - 107, -185 = -5*u - 5*y. What is the units digit of u?
1
Let t be (-4)/18 + 55/45. Let u = t - -4. Let c = -4 + u. What is the units digit of c?
1
Let n be 3 - (-3 - -3)*-1. Suppose y - n*y + 48 = 0. What is the tens digit of y?
2
Let i = 17 - 25. What is the tens digit of ((-60)/i)/(1/2)?
1
Suppose -4 = 3*g - 5*s + 11, 0 = 3*g + 3*s - 9. Let l(k) = 3*k**2 + g*k + 0*k**2 - k + k**3 - 4*k**2. What is the units digit of l(2)?
2
Let u be -1 - (-2 - -2)/2. Let y = 0 + u. Let s = y - -4. What is the units digit of s?
3
Suppose 0 = 2*a - a + 3*j - 275, -4*j + 800 = 3*a. What is the tens digit of a?
6
Let v be (-7)/(-4) + (-3)/(-12). Suppose v*b - b = 3. What is the units digit of b?
3
Suppose 0 = 4*r - 5*r. Suppose -5*l + m + 176 = 0, r*l + 2*m = -l + 33. What is the tens digit of l?
3
Suppose -3*j = -6*j + 471. Let r = j + -104. What is the tens digit of r?
5
Let o(h) = 2*h + 5. Let l be o(-9). Let k = 25 + l. What is the tens digit of k?
1
Let d(k) = -k + 5. Let n be d(5). Suppose n = -5*r + 4 + 1. What is the units digit of r?
1
Suppose 0 = -2*j + j. Suppose -37 = -q - 3*v - 0*v, -2*q + 34 = -2*v. Suppose j = -2*i - 5*m + q, -2*m - 14 = -2*i - i. What is the units digit of i?
6
Let r(f) = -3*f**3 + 13 + 2*f**3 + 0*f**2 - f + 9*f**2. Let k be -6*2/8*-6. What is the units digit of r(k)?
4
Suppose 0 = 4*d - 2*q - 3*q - 473, 5*d - 601 = 3*q. What is the tens digit of d?
2
Let y = 1 - -1. What is the units digit of (-27 - -5)*(-1)/y?
1
Let i(u) = -u**3 + 2*u**2 + 5*u - 3. What is the units digit of i(3)?
3
Suppose 3*k - 511 = -16. What is the tens digit of k?
6
Suppose -5*r - 5 = -4*l, 4*l - 4*r = -2*r + 2. Suppose -5*q = 3*m - 67, -3*m + l*m + 34 = 2*q. What is the tens digit of q?
1
What is the units digit of 1/(2/20*2)?
5
Let y be (-2)/(-7) + (-278)/(-7). Suppose -2*k + 8 = 0, 4*b = -2*k - 0*k + y. Suppose 4*o = b*o - 44. What is the tens digit of o?
1
Let r be (-4)/(-4) + -24 + 1. Let n = r - -48. Suppose -5*b + 44 = 2*u - 0, 0 = 4*b - 3*u - n. What is the units digit of b?
8
Let d(p) = p**3 - 4*p**2 + p. Let a be d(3). Let j = 19 + a. What is the tens digit of j?
1
Suppose 4*z = -h - 10, h + 3 - 8 = z. Suppose 7*u - h*u - 35 = 0. What is the units digit of u?
7
Let z(i) = -4*i**3 + 1. Let x be z(-1). Suppose p - 5*l + 10 = 0, 22 = -3*p + x*p + 4*l. What is the units digit of p?
5
Let u(f) = f**2 + 11*f + 5. Let b be u(-11). Suppose 3*v + 7 = 2*i, b*i + 0*i = 3*v + 40. What is the units digit of i?
1
Let o = 61 - -27. Suppose f = -2*z + o, -4*f - 92 = -2*z - 3*f. What is the units digit of z?
5
Suppose -4*q + 24 = -q. Le